{"id":856,"date":"2013-06-20T22:21:33","date_gmt":"2013-06-20T20:21:33","guid":{"rendered":"http:\/\/www.fannywalz.com\/fw\/?post_type=portfolio&#038;p=856"},"modified":"2016-08-23T22:30:48","modified_gmt":"2016-08-23T20:30:48","slug":"creation-grand-march-affiche-concert-generique","status":"publish","type":"portfolio","link":"https:\/\/www.fannywalz.com\/fw\/portfolio\/creation-grand-march-affiche-concert-generique\/","title":{"rendered":"Grand March \u2013 affiche g\u00e9n\u00e9rique"},"content":{"rendered":"<p><img loading=\"lazy\" decoding=\"async\" data-attachment-id=\"2096\" data-permalink=\"https:\/\/www.fannywalz.com\/fw\/portfolio\/creation-grand-march-affiche-concert-generique\/grand-march-affiche-generique-2\/\" data-orig-file=\"https:\/\/i0.wp.com\/www.fannywalz.com\/fw\/wp-content\/uploads\/2013\/06\/Grand-March-Affiche-ge\u0301ne\u0301rique.jpg?fit=482%2C655&amp;ssl=1\" data-orig-size=\"482,655\" data-comments-opened=\"0\" data-image-meta=\"{&quot;aperture&quot;:&quot;0&quot;,&quot;credit&quot;:&quot;&quot;,&quot;camera&quot;:&quot;&quot;,&quot;caption&quot;:&quot;&quot;,&quot;created_timestamp&quot;:&quot;0&quot;,&quot;copyright&quot;:&quot;&quot;,&quot;focal_length&quot;:&quot;0&quot;,&quot;iso&quot;:&quot;0&quot;,&quot;shutter_speed&quot;:&quot;0&quot;,&quot;title&quot;:&quot;&quot;,&quot;orientation&quot;:&quot;1&quot;}\" data-image-title=\"Grand March Affiche ge\u0301ne\u0301rique\" data-image-description=\"\" data-image-caption=\"\" data-medium-file=\"https:\/\/i0.wp.com\/www.fannywalz.com\/fw\/wp-content\/uploads\/2013\/06\/Grand-March-Affiche-ge\u0301ne\u0301rique.jpg?fit=368%2C500&amp;ssl=1\" data-large-file=\"https:\/\/i0.wp.com\/www.fannywalz.com\/fw\/wp-content\/uploads\/2013\/06\/Grand-March-Affiche-ge\u0301ne\u0301rique.jpg?fit=480%2C652&amp;ssl=1\" class=\"alignleft size-full wp-image-2096\" src=\"https:\/\/i0.wp.com\/www.fannywalz.com\/fw\/wp-content\/uploads\/2013\/06\/Grand-March-Affiche-ge\u0301ne\u0301rique.jpg?resize=480%2C652\" alt=\"Affiche g\u00e9n\u00e9rique concert Grand March\" width=\"480\" height=\"652\" srcset=\"https:\/\/i0.wp.com\/www.fannywalz.com\/fw\/wp-content\/uploads\/2013\/06\/Grand-March-Affiche-ge\u0301ne\u0301rique.jpg?w=482&amp;ssl=1 482w, https:\/\/i0.wp.com\/www.fannywalz.com\/fw\/wp-content\/uploads\/2013\/06\/Grand-March-Affiche-ge\u0301ne\u0301rique.jpg?resize=250%2C340&amp;ssl=1 250w, https:\/\/i0.wp.com\/www.fannywalz.com\/fw\/wp-content\/uploads\/2013\/06\/Grand-March-Affiche-ge\u0301ne\u0301rique.jpg?resize=368%2C500&amp;ssl=1 368w\" sizes=\"(max-width: 480px) 100vw, 480px\" data-recalc-dims=\"1\" \/><\/p>\n","protected":false},"excerpt":{"rendered":"<p>Cr\u00e9ation graphique d&rsquo;une affiche g\u00e9n\u00e9rique de concert pour le groupe Grand March.<\/p>\n<p class=\"detail-projet\"><a href=\"http:\/\/grandmarch.fr\/\"  target=\"_blank\">Voir le site de Grand March<\/a><\/p>\n","protected":false},"author":1,"featured_media":857,"comment_status":"closed","ping_status":"closed","template":"","meta":{"jetpack_post_was_ever_published":false,"footnotes":""},"portfolio-category":[23],"portfolio-tag":[],"yoast_head":"<!-- This site is optimized with the Yoast SEO plugin v24.4 - https:\/\/yoast.com\/wordpress\/plugins\/seo\/ -->\n<title>Grand March \u2013 affiche g\u00e9n\u00e9rique - Fanny Walz<\/title>\n<meta name=\"robots\" content=\"index, follow, max-snippet:-1, max-image-preview:large, max-video-preview:-1\" \/>\n<link rel=\"canonical\" href=\"https:\/\/www.fannywalz.com\/fw\/portfolio\/creation-grand-march-affiche-concert-generique\/\" \/>\n<meta property=\"og:locale\" content=\"fr_FR\" \/>\n<meta property=\"og:type\" content=\"article\" \/>\n<meta property=\"og:title\" content=\"Grand March \u2013 affiche g\u00e9n\u00e9rique - Fanny Walz\" \/>\n<meta property=\"og:description\" content=\"Cr\u00e9ation graphique d&#039;une affiche g\u00e9n\u00e9rique de concert pour le groupe Grand March. Voir le site de Grand March\" \/>\n<meta property=\"og:url\" content=\"https:\/\/www.fannywalz.com\/fw\/portfolio\/creation-grand-march-affiche-concert-generique\/\" \/>\n<meta property=\"og:site_name\" content=\"Fanny Walz\" \/>\n<meta property=\"article:modified_time\" content=\"2016-08-23T20:30:48+00:00\" \/>\n<meta property=\"og:image\" content=\"https:\/\/i0.wp.com\/www.fannywalz.com\/fw\/wp-content\/uploads\/2016\/06\/grand-march-affiche-generique_thumb.jpg?fit=315%2C315&ssl=1\" \/>\n\t<meta property=\"og:image:width\" content=\"315\" \/>\n\t<meta property=\"og:image:height\" content=\"315\" \/>\n\t<meta property=\"og:image:type\" content=\"image\/jpeg\" \/>\n<meta name=\"twitter:card\" content=\"summary_large_image\" \/>\n<script type=\"application\/ld+json\" class=\"yoast-schema-graph\">{\"@context\":\"https:\/\/schema.org\",\"@graph\":[{\"@type\":\"WebPage\",\"@id\":\"https:\/\/www.fannywalz.com\/fw\/portfolio\/creation-grand-march-affiche-concert-generique\/\",\"url\":\"https:\/\/www.fannywalz.com\/fw\/portfolio\/creation-grand-march-affiche-concert-generique\/\",\"name\":\"Grand March \u2013 affiche g\u00e9n\u00e9rique - Fanny Walz\",\"isPartOf\":{\"@id\":\"http:\/\/www.fannywalz.com\/fw\/#website\"},\"primaryImageOfPage\":{\"@id\":\"https:\/\/www.fannywalz.com\/fw\/portfolio\/creation-grand-march-affiche-concert-generique\/#primaryimage\"},\"image\":{\"@id\":\"https:\/\/www.fannywalz.com\/fw\/portfolio\/creation-grand-march-affiche-concert-generique\/#primaryimage\"},\"thumbnailUrl\":\"https:\/\/i0.wp.com\/www.fannywalz.com\/fw\/wp-content\/uploads\/2016\/06\/grand-march-affiche-generique_thumb.jpg?fit=315%2C315&ssl=1\",\"datePublished\":\"2013-06-20T20:21:33+00:00\",\"dateModified\":\"2016-08-23T20:30:48+00:00\",\"breadcrumb\":{\"@id\":\"https:\/\/www.fannywalz.com\/fw\/portfolio\/creation-grand-march-affiche-concert-generique\/#breadcrumb\"},\"inLanguage\":\"fr-FR\",\"potentialAction\":[{\"@type\":\"ReadAction\",\"target\":[\"https:\/\/www.fannywalz.com\/fw\/portfolio\/creation-grand-march-affiche-concert-generique\/\"]}]},{\"@type\":\"ImageObject\",\"inLanguage\":\"fr-FR\",\"@id\":\"https:\/\/www.fannywalz.com\/fw\/portfolio\/creation-grand-march-affiche-concert-generique\/#primaryimage\",\"url\":\"https:\/\/i0.wp.com\/www.fannywalz.com\/fw\/wp-content\/uploads\/2016\/06\/grand-march-affiche-generique_thumb.jpg?fit=315%2C315&ssl=1\",\"contentUrl\":\"https:\/\/i0.wp.com\/www.fannywalz.com\/fw\/wp-content\/uploads\/2016\/06\/grand-march-affiche-generique_thumb.jpg?fit=315%2C315&ssl=1\",\"width\":315,\"height\":315,\"caption\":\"Grand March\"},{\"@type\":\"BreadcrumbList\",\"@id\":\"https:\/\/www.fannywalz.com\/fw\/portfolio\/creation-grand-march-affiche-concert-generique\/#breadcrumb\",\"itemListElement\":[{\"@type\":\"ListItem\",\"position\":1,\"name\":\"Accueil\",\"item\":\"http:\/\/www.fannywalz.com\/fw\/\"},{\"@type\":\"ListItem\",\"position\":2,\"name\":\"Projects\",\"item\":\"http:\/\/www.fannywalz.com\/fw\/portfolio\/\"},{\"@type\":\"ListItem\",\"position\":3,\"name\":\"Grand March \u2013 affiche g\u00e9n\u00e9rique\"}]},{\"@type\":\"WebSite\",\"@id\":\"http:\/\/www.fannywalz.com\/fw\/#website\",\"url\":\"http:\/\/www.fannywalz.com\/fw\/\",\"name\":\"Fanny Walz\",\"description\":\"Graphisme et cr\u00e9ations artisanales\",\"potentialAction\":[{\"@type\":\"SearchAction\",\"target\":{\"@type\":\"EntryPoint\",\"urlTemplate\":\"http:\/\/www.fannywalz.com\/fw\/?s={search_term_string}\"},\"query-input\":{\"@type\":\"PropertyValueSpecification\",\"valueRequired\":true,\"valueName\":\"search_term_string\"}}],\"inLanguage\":\"fr-FR\"}]}<\/script>\n<!-- \/ Yoast SEO plugin. -->","yoast_head_json":{"title":"Grand March \u2013 affiche g\u00e9n\u00e9rique - Fanny Walz","robots":{"index":"index","follow":"follow","max-snippet":"max-snippet:-1","max-image-preview":"max-image-preview:large","max-video-preview":"max-video-preview:-1"},"canonical":"https:\/\/www.fannywalz.com\/fw\/portfolio\/creation-grand-march-affiche-concert-generique\/","og_locale":"fr_FR","og_type":"article","og_title":"Grand March \u2013 affiche g\u00e9n\u00e9rique - Fanny Walz","og_description":"Cr\u00e9ation graphique d'une affiche g\u00e9n\u00e9rique de concert pour le groupe Grand March. Voir le site de Grand March","og_url":"https:\/\/www.fannywalz.com\/fw\/portfolio\/creation-grand-march-affiche-concert-generique\/","og_site_name":"Fanny Walz","article_modified_time":"2016-08-23T20:30:48+00:00","og_image":[{"width":315,"height":315,"url":"https:\/\/i0.wp.com\/www.fannywalz.com\/fw\/wp-content\/uploads\/2016\/06\/grand-march-affiche-generique_thumb.jpg?fit=315%2C315&ssl=1","type":"image\/jpeg"}],"twitter_card":"summary_large_image","schema":{"@context":"https:\/\/schema.org","@graph":[{"@type":"WebPage","@id":"https:\/\/www.fannywalz.com\/fw\/portfolio\/creation-grand-march-affiche-concert-generique\/","url":"https:\/\/www.fannywalz.com\/fw\/portfolio\/creation-grand-march-affiche-concert-generique\/","name":"Grand March \u2013 affiche g\u00e9n\u00e9rique - Fanny Walz","isPartOf":{"@id":"http:\/\/www.fannywalz.com\/fw\/#website"},"primaryImageOfPage":{"@id":"https:\/\/www.fannywalz.com\/fw\/portfolio\/creation-grand-march-affiche-concert-generique\/#primaryimage"},"image":{"@id":"https:\/\/www.fannywalz.com\/fw\/portfolio\/creation-grand-march-affiche-concert-generique\/#primaryimage"},"thumbnailUrl":"https:\/\/i0.wp.com\/www.fannywalz.com\/fw\/wp-content\/uploads\/2016\/06\/grand-march-affiche-generique_thumb.jpg?fit=315%2C315&ssl=1","datePublished":"2013-06-20T20:21:33+00:00","dateModified":"2016-08-23T20:30:48+00:00","breadcrumb":{"@id":"https:\/\/www.fannywalz.com\/fw\/portfolio\/creation-grand-march-affiche-concert-generique\/#breadcrumb"},"inLanguage":"fr-FR","potentialAction":[{"@type":"ReadAction","target":["https:\/\/www.fannywalz.com\/fw\/portfolio\/creation-grand-march-affiche-concert-generique\/"]}]},{"@type":"ImageObject","inLanguage":"fr-FR","@id":"https:\/\/www.fannywalz.com\/fw\/portfolio\/creation-grand-march-affiche-concert-generique\/#primaryimage","url":"https:\/\/i0.wp.com\/www.fannywalz.com\/fw\/wp-content\/uploads\/2016\/06\/grand-march-affiche-generique_thumb.jpg?fit=315%2C315&ssl=1","contentUrl":"https:\/\/i0.wp.com\/www.fannywalz.com\/fw\/wp-content\/uploads\/2016\/06\/grand-march-affiche-generique_thumb.jpg?fit=315%2C315&ssl=1","width":315,"height":315,"caption":"Grand March"},{"@type":"BreadcrumbList","@id":"https:\/\/www.fannywalz.com\/fw\/portfolio\/creation-grand-march-affiche-concert-generique\/#breadcrumb","itemListElement":[{"@type":"ListItem","position":1,"name":"Accueil","item":"http:\/\/www.fannywalz.com\/fw\/"},{"@type":"ListItem","position":2,"name":"Projects","item":"http:\/\/www.fannywalz.com\/fw\/portfolio\/"},{"@type":"ListItem","position":3,"name":"Grand March \u2013 affiche g\u00e9n\u00e9rique"}]},{"@type":"WebSite","@id":"http:\/\/www.fannywalz.com\/fw\/#website","url":"http:\/\/www.fannywalz.com\/fw\/","name":"Fanny Walz","description":"Graphisme et cr\u00e9ations artisanales","potentialAction":[{"@type":"SearchAction","target":{"@type":"EntryPoint","urlTemplate":"http:\/\/www.fannywalz.com\/fw\/?s={search_term_string}"},"query-input":{"@type":"PropertyValueSpecification","valueRequired":true,"valueName":"search_term_string"}}],"inLanguage":"fr-FR"}]}},"jetpack_sharing_enabled":true,"_links":{"self":[{"href":"https:\/\/www.fannywalz.com\/fw\/wp-json\/wp\/v2\/portfolio\/856"}],"collection":[{"href":"https:\/\/www.fannywalz.com\/fw\/wp-json\/wp\/v2\/portfolio"}],"about":[{"href":"https:\/\/www.fannywalz.com\/fw\/wp-json\/wp\/v2\/types\/portfolio"}],"author":[{"embeddable":true,"href":"https:\/\/www.fannywalz.com\/fw\/wp-json\/wp\/v2\/users\/1"}],"replies":[{"embeddable":true,"href":"https:\/\/www.fannywalz.com\/fw\/wp-json\/wp\/v2\/comments?post=856"}],"version-history":[{"count":4,"href":"https:\/\/www.fannywalz.com\/fw\/wp-json\/wp\/v2\/portfolio\/856\/revisions"}],"predecessor-version":[{"id":2427,"href":"https:\/\/www.fannywalz.com\/fw\/wp-json\/wp\/v2\/portfolio\/856\/revisions\/2427"}],"wp:featuredmedia":[{"embeddable":true,"href":"https:\/\/www.fannywalz.com\/fw\/wp-json\/wp\/v2\/media\/857"}],"wp:attachment":[{"href":"https:\/\/www.fannywalz.com\/fw\/wp-json\/wp\/v2\/media?parent=856"}],"wp:term":[{"taxonomy":"portfolio-category","embeddable":true,"href":"https:\/\/www.fannywalz.com\/fw\/wp-json\/wp\/v2\/portfolio-category?post=856"},{"taxonomy":"portfolio-tag","embeddable":true,"href":"https:\/\/www.fannywalz.com\/fw\/wp-json\/wp\/v2\/portfolio-tag?post=856"}],"curies":[{"name":"wp","href":"https:\/\/api.w.org\/{rel}","templated":true}]}}

Grand March – affiche générique

<p><img loading="lazy" decoding="async" data-attachment-id="2096" data-permalink="https://www.fannywalz.com/fw/portfolio/creation-grand-march-affiche-concert-generique/grand-march-affiche-generique-2/" data-orig-file="https://i0.wp.com/www.fannywalz.com/fw/wp-content/uploads/2013/06/Grand-March-Affiche-générique.jpg?fit=482%2C655&amp;ssl=1" data-orig-size="482,655" data-comments-opened="0" data-image-meta="{&quot;aperture&quot;:&quot;0&quot;,&quot;credit&quot;:&quot;&quot;,&quot;camera&quot;:&quot;&quot;,&quot;caption&quot;:&quot;&quot;,&quot;created_timestamp&quot;:&quot;0&quot;,&quot;copyright&quot;:&quot;&quot;,&quot;focal_length&quot;:&quot;0&quot;,&quot;iso&quot;:&quot;0&quot;,&quot;shutter_speed&quot;:&quot;0&quot;,&quot;title&quot;:&quot;&quot;,&quot;orientation&quot;:&quot;1&quot;}" data-image-title="Grand March Affiche générique" data-image-description="" data-image-caption="" data-medium-file="https://i0.wp.com/www.fannywalz.com/fw/wp-content/uploads/2013/06/Grand-March-Affiche-générique.jpg?fit=368%2C500&amp;ssl=1" data-large-file="https://i0.wp.com/www.fannywalz.com/fw/wp-content/uploads/2013/06/Grand-March-Affiche-générique.jpg?fit=480%2C652&amp;ssl=1" class="alignleft size-full wp-image-2096" src="https://i0.wp.com/www.fannywalz.com/fw/wp-content/uploads/2013/06/Grand-March-Affiche-générique.jpg?resize=480%2C652" alt="Affiche générique concert Grand March" width="480" height="652" srcset="https://i0.wp.com/www.fannywalz.com/fw/wp-content/uploads/2013/06/Grand-March-Affiche-générique.jpg?w=482&amp;ssl=1 482w, https://i0.wp.com/www.fannywalz.com/fw/wp-content/uploads/2013/06/Grand-March-Affiche-générique.jpg?resize=250%2C340&amp;ssl=1 250w, https://i0.wp.com/www.fannywalz.com/fw/wp-content/uploads/2013/06/Grand-March-Affiche-générique.jpg?resize=368%2C500&amp;ssl=1 368w" sizes="(max-width: 480px) 100vw, 480px" data-recalc-dims="1" /></p>

<p>Création graphique d&rsquo;une affiche générique de concert pour le groupe Grand March.</p>
<p class="detail-projet"><a href="http://grandmarch.fr/"  target="_blank">Voir le site de Grand March</a></p>

<!-- This site is optimized with the Yoast SEO plugin v24.4 - https://yoast.com/wordpress/plugins/seo/ -->
<title>Grand March – affiche générique - Fanny Walz</title>
<meta name="robots" content="index, follow, max-snippet:-1, max-image-preview:large, max-video-preview:-1" />
<link rel="canonical" href="https://www.fannywalz.com/fw/portfolio/creation-grand-march-affiche-concert-generique/" />
<meta property="og:locale" content="fr_FR" />
<meta property="og:type" content="article" />
<meta property="og:title" content="Grand March – affiche générique - Fanny Walz" />
<meta property="og:description" content="Création graphique d&#039;une affiche générique de concert pour le groupe Grand March. Voir le site de Grand March" />
<meta property="og:url" content="https://www.fannywalz.com/fw/portfolio/creation-grand-march-affiche-concert-generique/" />
<meta property="og:site_name" content="Fanny Walz" />
<meta property="article:modified_time" content="2016-08-23T20:30:48+00:00" />
<meta property="og:image" content="https://i0.wp.com/www.fannywalz.com/fw/wp-content/uploads/2016/06/grand-march-affiche-generique_thumb.jpg?fit=315%2C315&ssl=1" />
	<meta property="og:image:width" content="315" />
	<meta property="og:image:height" content="315" />
	<meta property="og:image:type" content="image/jpeg" />
<meta name="twitter:card" content="summary_large_image" />
<script type="application/ld+json" class="yoast-schema-graph">{"@context":"https://schema.org","@graph":[{"@type":"WebPage","@id":"https://www.fannywalz.com/fw/portfolio/creation-grand-march-affiche-concert-generique/","url":"https://www.fannywalz.com/fw/portfolio/creation-grand-march-affiche-concert-generique/","name":"Grand March – affiche générique - Fanny Walz","isPartOf":{"@id":"http://www.fannywalz.com/fw/#website"},"primaryImageOfPage":{"@id":"https://www.fannywalz.com/fw/portfolio/creation-grand-march-affiche-concert-generique/#primaryimage"},"image":{"@id":"https://www.fannywalz.com/fw/portfolio/creation-grand-march-affiche-concert-generique/#primaryimage"},"thumbnailUrl":"https://i0.wp.com/www.fannywalz.com/fw/wp-content/uploads/2016/06/grand-march-affiche-generique_thumb.jpg?fit=315%2C315&ssl=1","datePublished":"2013-06-20T20:21:33+00:00","dateModified":"2016-08-23T20:30:48+00:00","breadcrumb":{"@id":"https://www.fannywalz.com/fw/portfolio/creation-grand-march-affiche-concert-generique/#breadcrumb"},"inLanguage":"fr-FR","potentialAction":[{"@type":"ReadAction","target":["https://www.fannywalz.com/fw/portfolio/creation-grand-march-affiche-concert-generique/"]}]},{"@type":"ImageObject","inLanguage":"fr-FR","@id":"https://www.fannywalz.com/fw/portfolio/creation-grand-march-affiche-concert-generique/#primaryimage","url":"https://i0.wp.com/www.fannywalz.com/fw/wp-content/uploads/2016/06/grand-march-affiche-generique_thumb.jpg?fit=315%2C315&ssl=1","contentUrl":"https://i0.wp.com/www.fannywalz.com/fw/wp-content/uploads/2016/06/grand-march-affiche-generique_thumb.jpg?fit=315%2C315&ssl=1","width":315,"height":315,"caption":"Grand March"},{"@type":"BreadcrumbList","@id":"https://www.fannywalz.com/fw/portfolio/creation-grand-march-affiche-concert-generique/#breadcrumb","itemListElement":[{"@type":"ListItem","position":1,"name":"Accueil","item":"http://www.fannywalz.com/fw/"},{"@type":"ListItem","position":2,"name":"Projects","item":"http://www.fannywalz.com/fw/portfolio/"},{"@type":"ListItem","position":3,"name":"Grand March – affiche générique"}]},{"@type":"WebSite","@id":"http://www.fannywalz.com/fw/#website","url":"http://www.fannywalz.com/fw/","name":"Fanny Walz","description":"Graphisme et créations artisanales","potentialAction":[{"@type":"SearchAction","target":{"@type":"EntryPoint","urlTemplate":"http://www.fannywalz.com/fw/?s={search_term_string}"},"query-input":{"@type":"PropertyValueSpecification","valueRequired":true,"valueName":"search_term_string"}}],"inLanguage":"fr-FR"}]}</script>
<!-- / Yoast SEO plugin. -->

Grand March – affiche générique - Fanny Walz

Création graphique d'une affiche générique de concert pour le groupe Grand March. Voir le site de Grand March

Graphisme et créations artisanales
