{"id":849,"date":"2011-06-20T22:18:10","date_gmt":"2011-06-20T20:18:10","guid":{"rendered":"http:\/\/www.fannywalz.com\/fw\/?post_type=portfolio&#038;p=849"},"modified":"2016-09-01T21:31:08","modified_gmt":"2016-09-01T19:31:08","slug":"affiche-concert-grand-march-all-the-pretty-horses-photo-stephane-louis","status":"publish","type":"portfolio","link":"https:\/\/www.fannywalz.com\/fw\/portfolio\/affiche-concert-grand-march-all-the-pretty-horses-photo-stephane-louis\/","title":{"rendered":"All the pretty horses"},"content":{"rendered":"<p><img loading=\"lazy\" decoding=\"async\" data-attachment-id=\"2086\" data-permalink=\"https:\/\/www.fannywalz.com\/fw\/portfolio\/affiche-concert-grand-march-all-the-pretty-horses-photo-stephane-louis\/grand-march-photo-concert-affiche\/\" data-orig-file=\"https:\/\/i0.wp.com\/www.fannywalz.com\/fw\/wp-content\/uploads\/2011\/06\/Grand-March-Photo-concert-Affiche.jpg?fit=482%2C655&amp;ssl=1\" data-orig-size=\"482,655\" data-comments-opened=\"0\" data-image-meta=\"{&quot;aperture&quot;:&quot;0&quot;,&quot;credit&quot;:&quot;&quot;,&quot;camera&quot;:&quot;&quot;,&quot;caption&quot;:&quot;&quot;,&quot;created_timestamp&quot;:&quot;0&quot;,&quot;copyright&quot;:&quot;&quot;,&quot;focal_length&quot;:&quot;0&quot;,&quot;iso&quot;:&quot;0&quot;,&quot;shutter_speed&quot;:&quot;0&quot;,&quot;title&quot;:&quot;&quot;,&quot;orientation&quot;:&quot;1&quot;}\" data-image-title=\"Grand March Photo concert Affiche\" data-image-description=\"\" data-image-caption=\"\" data-medium-file=\"https:\/\/i0.wp.com\/www.fannywalz.com\/fw\/wp-content\/uploads\/2011\/06\/Grand-March-Photo-concert-Affiche.jpg?fit=368%2C500&amp;ssl=1\" data-large-file=\"https:\/\/i0.wp.com\/www.fannywalz.com\/fw\/wp-content\/uploads\/2011\/06\/Grand-March-Photo-concert-Affiche.jpg?fit=480%2C652&amp;ssl=1\" class=\"alignleft size-full wp-image-2086\" src=\"https:\/\/i0.wp.com\/www.fannywalz.com\/fw\/wp-content\/uploads\/2011\/06\/Grand-March-Photo-concert-Affiche.jpg?resize=480%2C652\" alt=\"Affiche Photo Concert Grand March ll the pretty horses\" width=\"480\" height=\"652\" srcset=\"https:\/\/i0.wp.com\/www.fannywalz.com\/fw\/wp-content\/uploads\/2011\/06\/Grand-March-Photo-concert-Affiche.jpg?w=482&amp;ssl=1 482w, https:\/\/i0.wp.com\/www.fannywalz.com\/fw\/wp-content\/uploads\/2011\/06\/Grand-March-Photo-concert-Affiche.jpg?resize=250%2C340&amp;ssl=1 250w, https:\/\/i0.wp.com\/www.fannywalz.com\/fw\/wp-content\/uploads\/2011\/06\/Grand-March-Photo-concert-Affiche.jpg?resize=368%2C500&amp;ssl=1 368w\" sizes=\"(max-width: 480px) 100vw, 480px\" data-recalc-dims=\"1\" \/><\/p>\n","protected":false},"excerpt":{"rendered":"<p>Cr\u00e9ation graphique de l&rsquo;affiche du photo concert <i>All the pretty horses<\/i>, pour le groupe musical strasbourgeois Grand March.<\/p>\n<p class=\"detail-projet\">Photo : <a href=\"http:\/\/www.stephanelouis.com\" target=\"_blank\">St\u00e9phane Louis<\/a><\/p>\n<p><a href=\"http:\/\/grandmarch.fr\/\"  target=\"_blank\">Voir le site de Grand March<\/a><\/p>\n","protected":false},"author":1,"featured_media":850,"comment_status":"closed","ping_status":"closed","template":"","meta":{"jetpack_post_was_ever_published":false,"footnotes":""},"portfolio-category":[23],"portfolio-tag":[],"yoast_head":"<!-- This site is optimized with the Yoast SEO plugin v24.4 - https:\/\/yoast.com\/wordpress\/plugins\/seo\/ -->\n<title>Affiches photo concert All the pretty horses \u2013 Fanny Walz<\/title>\n<meta name=\"description\" content=\"Cr\u00e9ation graphique de l&#039;affiche annon\u00e7ant le photo concert All the pretty horses de Grand March et St\u00e9phane Louis \u00e0 Strasbourg.\" \/>\n<meta name=\"robots\" content=\"index, follow, max-snippet:-1, max-image-preview:large, max-video-preview:-1\" \/>\n<link rel=\"canonical\" href=\"https:\/\/www.fannywalz.com\/fw\/portfolio\/affiche-concert-grand-march-all-the-pretty-horses-photo-stephane-louis\/\" \/>\n<meta property=\"og:locale\" content=\"fr_FR\" \/>\n<meta property=\"og:type\" content=\"article\" \/>\n<meta property=\"og:title\" content=\"Affiches photo concert All the pretty horses \u2013 Fanny Walz\" \/>\n<meta property=\"og:description\" content=\"Cr\u00e9ation graphique de l&#039;affiche annon\u00e7ant le photo concert All the pretty horses de Grand March et St\u00e9phane Louis \u00e0 Strasbourg.\" \/>\n<meta property=\"og:url\" content=\"https:\/\/www.fannywalz.com\/fw\/portfolio\/affiche-concert-grand-march-all-the-pretty-horses-photo-stephane-louis\/\" \/>\n<meta property=\"og:site_name\" content=\"Fanny Walz\" \/>\n<meta property=\"article:modified_time\" content=\"2016-09-01T19:31:08+00:00\" \/>\n<meta property=\"og:image\" content=\"https:\/\/i0.wp.com\/www.fannywalz.com\/fw\/wp-content\/uploads\/2016\/06\/grand-march-all-the-pretty-horses_thumb.jpg?fit=315%2C315&ssl=1\" \/>\n\t<meta property=\"og:image:width\" content=\"315\" \/>\n\t<meta property=\"og:image:height\" content=\"315\" \/>\n\t<meta property=\"og:image:type\" content=\"image\/jpeg\" \/>\n<meta name=\"twitter:card\" content=\"summary_large_image\" \/>\n<script type=\"application\/ld+json\" class=\"yoast-schema-graph\">{\"@context\":\"https:\/\/schema.org\",\"@graph\":[{\"@type\":\"WebPage\",\"@id\":\"https:\/\/www.fannywalz.com\/fw\/portfolio\/affiche-concert-grand-march-all-the-pretty-horses-photo-stephane-louis\/\",\"url\":\"https:\/\/www.fannywalz.com\/fw\/portfolio\/affiche-concert-grand-march-all-the-pretty-horses-photo-stephane-louis\/\",\"name\":\"Affiches photo concert All the pretty horses \u2013 Fanny Walz\",\"isPartOf\":{\"@id\":\"http:\/\/www.fannywalz.com\/fw\/#website\"},\"primaryImageOfPage\":{\"@id\":\"https:\/\/www.fannywalz.com\/fw\/portfolio\/affiche-concert-grand-march-all-the-pretty-horses-photo-stephane-louis\/#primaryimage\"},\"image\":{\"@id\":\"https:\/\/www.fannywalz.com\/fw\/portfolio\/affiche-concert-grand-march-all-the-pretty-horses-photo-stephane-louis\/#primaryimage\"},\"thumbnailUrl\":\"https:\/\/i0.wp.com\/www.fannywalz.com\/fw\/wp-content\/uploads\/2016\/06\/grand-march-all-the-pretty-horses_thumb.jpg?fit=315%2C315&ssl=1\",\"datePublished\":\"2011-06-20T20:18:10+00:00\",\"dateModified\":\"2016-09-01T19:31:08+00:00\",\"description\":\"Cr\u00e9ation graphique de l'affiche annon\u00e7ant le photo concert All the pretty horses de Grand March et St\u00e9phane Louis \u00e0 Strasbourg.\",\"breadcrumb\":{\"@id\":\"https:\/\/www.fannywalz.com\/fw\/portfolio\/affiche-concert-grand-march-all-the-pretty-horses-photo-stephane-louis\/#breadcrumb\"},\"inLanguage\":\"fr-FR\",\"potentialAction\":[{\"@type\":\"ReadAction\",\"target\":[\"https:\/\/www.fannywalz.com\/fw\/portfolio\/affiche-concert-grand-march-all-the-pretty-horses-photo-stephane-louis\/\"]}]},{\"@type\":\"ImageObject\",\"inLanguage\":\"fr-FR\",\"@id\":\"https:\/\/www.fannywalz.com\/fw\/portfolio\/affiche-concert-grand-march-all-the-pretty-horses-photo-stephane-louis\/#primaryimage\",\"url\":\"https:\/\/i0.wp.com\/www.fannywalz.com\/fw\/wp-content\/uploads\/2016\/06\/grand-march-all-the-pretty-horses_thumb.jpg?fit=315%2C315&ssl=1\",\"contentUrl\":\"https:\/\/i0.wp.com\/www.fannywalz.com\/fw\/wp-content\/uploads\/2016\/06\/grand-march-all-the-pretty-horses_thumb.jpg?fit=315%2C315&ssl=1\",\"width\":315,\"height\":315,\"caption\":\"Affiche All the pretty horses Grand March\"},{\"@type\":\"BreadcrumbList\",\"@id\":\"https:\/\/www.fannywalz.com\/fw\/portfolio\/affiche-concert-grand-march-all-the-pretty-horses-photo-stephane-louis\/#breadcrumb\",\"itemListElement\":[{\"@type\":\"ListItem\",\"position\":1,\"name\":\"Accueil\",\"item\":\"http:\/\/www.fannywalz.com\/fw\/\"},{\"@type\":\"ListItem\",\"position\":2,\"name\":\"Projects\",\"item\":\"http:\/\/www.fannywalz.com\/fw\/portfolio\/\"},{\"@type\":\"ListItem\",\"position\":3,\"name\":\"All the pretty horses\"}]},{\"@type\":\"WebSite\",\"@id\":\"http:\/\/www.fannywalz.com\/fw\/#website\",\"url\":\"http:\/\/www.fannywalz.com\/fw\/\",\"name\":\"Fanny Walz\",\"description\":\"Graphisme et cr\u00e9ations artisanales\",\"potentialAction\":[{\"@type\":\"SearchAction\",\"target\":{\"@type\":\"EntryPoint\",\"urlTemplate\":\"http:\/\/www.fannywalz.com\/fw\/?s={search_term_string}\"},\"query-input\":{\"@type\":\"PropertyValueSpecification\",\"valueRequired\":true,\"valueName\":\"search_term_string\"}}],\"inLanguage\":\"fr-FR\"}]}<\/script>\n<!-- \/ Yoast SEO plugin. -->","yoast_head_json":{"title":"Affiches photo concert All the pretty horses \u2013 Fanny Walz","description":"Cr\u00e9ation graphique de l'affiche annon\u00e7ant le photo concert All the pretty horses de Grand March et St\u00e9phane Louis \u00e0 Strasbourg.","robots":{"index":"index","follow":"follow","max-snippet":"max-snippet:-1","max-image-preview":"max-image-preview:large","max-video-preview":"max-video-preview:-1"},"canonical":"https:\/\/www.fannywalz.com\/fw\/portfolio\/affiche-concert-grand-march-all-the-pretty-horses-photo-stephane-louis\/","og_locale":"fr_FR","og_type":"article","og_title":"Affiches photo concert All the pretty horses \u2013 Fanny Walz","og_description":"Cr\u00e9ation graphique de l'affiche annon\u00e7ant le photo concert All the pretty horses de Grand March et St\u00e9phane Louis \u00e0 Strasbourg.","og_url":"https:\/\/www.fannywalz.com\/fw\/portfolio\/affiche-concert-grand-march-all-the-pretty-horses-photo-stephane-louis\/","og_site_name":"Fanny Walz","article_modified_time":"2016-09-01T19:31:08+00:00","og_image":[{"width":315,"height":315,"url":"https:\/\/i0.wp.com\/www.fannywalz.com\/fw\/wp-content\/uploads\/2016\/06\/grand-march-all-the-pretty-horses_thumb.jpg?fit=315%2C315&ssl=1","type":"image\/jpeg"}],"twitter_card":"summary_large_image","schema":{"@context":"https:\/\/schema.org","@graph":[{"@type":"WebPage","@id":"https:\/\/www.fannywalz.com\/fw\/portfolio\/affiche-concert-grand-march-all-the-pretty-horses-photo-stephane-louis\/","url":"https:\/\/www.fannywalz.com\/fw\/portfolio\/affiche-concert-grand-march-all-the-pretty-horses-photo-stephane-louis\/","name":"Affiches photo concert All the pretty horses \u2013 Fanny Walz","isPartOf":{"@id":"http:\/\/www.fannywalz.com\/fw\/#website"},"primaryImageOfPage":{"@id":"https:\/\/www.fannywalz.com\/fw\/portfolio\/affiche-concert-grand-march-all-the-pretty-horses-photo-stephane-louis\/#primaryimage"},"image":{"@id":"https:\/\/www.fannywalz.com\/fw\/portfolio\/affiche-concert-grand-march-all-the-pretty-horses-photo-stephane-louis\/#primaryimage"},"thumbnailUrl":"https:\/\/i0.wp.com\/www.fannywalz.com\/fw\/wp-content\/uploads\/2016\/06\/grand-march-all-the-pretty-horses_thumb.jpg?fit=315%2C315&ssl=1","datePublished":"2011-06-20T20:18:10+00:00","dateModified":"2016-09-01T19:31:08+00:00","description":"Cr\u00e9ation graphique de l'affiche annon\u00e7ant le photo concert All the pretty horses de Grand March et St\u00e9phane Louis \u00e0 Strasbourg.","breadcrumb":{"@id":"https:\/\/www.fannywalz.com\/fw\/portfolio\/affiche-concert-grand-march-all-the-pretty-horses-photo-stephane-louis\/#breadcrumb"},"inLanguage":"fr-FR","potentialAction":[{"@type":"ReadAction","target":["https:\/\/www.fannywalz.com\/fw\/portfolio\/affiche-concert-grand-march-all-the-pretty-horses-photo-stephane-louis\/"]}]},{"@type":"ImageObject","inLanguage":"fr-FR","@id":"https:\/\/www.fannywalz.com\/fw\/portfolio\/affiche-concert-grand-march-all-the-pretty-horses-photo-stephane-louis\/#primaryimage","url":"https:\/\/i0.wp.com\/www.fannywalz.com\/fw\/wp-content\/uploads\/2016\/06\/grand-march-all-the-pretty-horses_thumb.jpg?fit=315%2C315&ssl=1","contentUrl":"https:\/\/i0.wp.com\/www.fannywalz.com\/fw\/wp-content\/uploads\/2016\/06\/grand-march-all-the-pretty-horses_thumb.jpg?fit=315%2C315&ssl=1","width":315,"height":315,"caption":"Affiche All the pretty horses Grand March"},{"@type":"BreadcrumbList","@id":"https:\/\/www.fannywalz.com\/fw\/portfolio\/affiche-concert-grand-march-all-the-pretty-horses-photo-stephane-louis\/#breadcrumb","itemListElement":[{"@type":"ListItem","position":1,"name":"Accueil","item":"http:\/\/www.fannywalz.com\/fw\/"},{"@type":"ListItem","position":2,"name":"Projects","item":"http:\/\/www.fannywalz.com\/fw\/portfolio\/"},{"@type":"ListItem","position":3,"name":"All the pretty horses"}]},{"@type":"WebSite","@id":"http:\/\/www.fannywalz.com\/fw\/#website","url":"http:\/\/www.fannywalz.com\/fw\/","name":"Fanny Walz","description":"Graphisme et cr\u00e9ations artisanales","potentialAction":[{"@type":"SearchAction","target":{"@type":"EntryPoint","urlTemplate":"http:\/\/www.fannywalz.com\/fw\/?s={search_term_string}"},"query-input":{"@type":"PropertyValueSpecification","valueRequired":true,"valueName":"search_term_string"}}],"inLanguage":"fr-FR"}]}},"jetpack_sharing_enabled":true,"_links":{"self":[{"href":"https:\/\/www.fannywalz.com\/fw\/wp-json\/wp\/v2\/portfolio\/849"}],"collection":[{"href":"https:\/\/www.fannywalz.com\/fw\/wp-json\/wp\/v2\/portfolio"}],"about":[{"href":"https:\/\/www.fannywalz.com\/fw\/wp-json\/wp\/v2\/types\/portfolio"}],"author":[{"embeddable":true,"href":"https:\/\/www.fannywalz.com\/fw\/wp-json\/wp\/v2\/users\/1"}],"replies":[{"embeddable":true,"href":"https:\/\/www.fannywalz.com\/fw\/wp-json\/wp\/v2\/comments?post=849"}],"version-history":[{"count":12,"href":"https:\/\/www.fannywalz.com\/fw\/wp-json\/wp\/v2\/portfolio\/849\/revisions"}],"predecessor-version":[{"id":2662,"href":"https:\/\/www.fannywalz.com\/fw\/wp-json\/wp\/v2\/portfolio\/849\/revisions\/2662"}],"wp:featuredmedia":[{"embeddable":true,"href":"https:\/\/www.fannywalz.com\/fw\/wp-json\/wp\/v2\/media\/850"}],"wp:attachment":[{"href":"https:\/\/www.fannywalz.com\/fw\/wp-json\/wp\/v2\/media?parent=849"}],"wp:term":[{"taxonomy":"portfolio-category","embeddable":true,"href":"https:\/\/www.fannywalz.com\/fw\/wp-json\/wp\/v2\/portfolio-category?post=849"},{"taxonomy":"portfolio-tag","embeddable":true,"href":"https:\/\/www.fannywalz.com\/fw\/wp-json\/wp\/v2\/portfolio-tag?post=849"}],"curies":[{"name":"wp","href":"https:\/\/api.w.org\/{rel}","templated":true}]}}

<p>Création graphique de l&rsquo;affiche du photo concert <i>All the pretty horses</i>, pour le groupe musical strasbourgeois Grand March.</p>
<p class="detail-projet">Photo : <a href="http://www.stephanelouis.com" target="_blank">Stéphane Louis</a></p>
<p><a href="http://grandmarch.fr/"  target="_blank">Voir le site de Grand March</a></p>

<!-- This site is optimized with the Yoast SEO plugin v24.4 - https://yoast.com/wordpress/plugins/seo/ -->
<title>Affiches photo concert All the pretty horses – Fanny Walz</title>
<meta name="description" content="Création graphique de l&#039;affiche annonçant le photo concert All the pretty horses de Grand March et Stéphane Louis à Strasbourg." />
<meta name="robots" content="index, follow, max-snippet:-1, max-image-preview:large, max-video-preview:-1" />
<link rel="canonical" href="https://www.fannywalz.com/fw/portfolio/affiche-concert-grand-march-all-the-pretty-horses-photo-stephane-louis/" />
<meta property="og:locale" content="fr_FR" />
<meta property="og:type" content="article" />
<meta property="og:title" content="Affiches photo concert All the pretty horses – Fanny Walz" />
<meta property="og:description" content="Création graphique de l&#039;affiche annonçant le photo concert All the pretty horses de Grand March et Stéphane Louis à Strasbourg." />
<meta property="og:url" content="https://www.fannywalz.com/fw/portfolio/affiche-concert-grand-march-all-the-pretty-horses-photo-stephane-louis/" />
<meta property="og:site_name" content="Fanny Walz" />
<meta property="article:modified_time" content="2016-09-01T19:31:08+00:00" />
<meta property="og:image" content="https://i0.wp.com/www.fannywalz.com/fw/wp-content/uploads/2016/06/grand-march-all-the-pretty-horses_thumb.jpg?fit=315%2C315&ssl=1" />
	<meta property="og:image:width" content="315" />
	<meta property="og:image:height" content="315" />
	<meta property="og:image:type" content="image/jpeg" />
<meta name="twitter:card" content="summary_large_image" />
<script type="application/ld+json" class="yoast-schema-graph">{"@context":"https://schema.org","@graph":[{"@type":"WebPage","@id":"https://www.fannywalz.com/fw/portfolio/affiche-concert-grand-march-all-the-pretty-horses-photo-stephane-louis/","url":"https://www.fannywalz.com/fw/portfolio/affiche-concert-grand-march-all-the-pretty-horses-photo-stephane-louis/","name":"Affiches photo concert All the pretty horses – Fanny Walz","isPartOf":{"@id":"http://www.fannywalz.com/fw/#website"},"primaryImageOfPage":{"@id":"https://www.fannywalz.com/fw/portfolio/affiche-concert-grand-march-all-the-pretty-horses-photo-stephane-louis/#primaryimage"},"image":{"@id":"https://www.fannywalz.com/fw/portfolio/affiche-concert-grand-march-all-the-pretty-horses-photo-stephane-louis/#primaryimage"},"thumbnailUrl":"https://i0.wp.com/www.fannywalz.com/fw/wp-content/uploads/2016/06/grand-march-all-the-pretty-horses_thumb.jpg?fit=315%2C315&ssl=1","datePublished":"2011-06-20T20:18:10+00:00","dateModified":"2016-09-01T19:31:08+00:00","description":"Création graphique de l'affiche annonçant le photo concert All the pretty horses de Grand March et Stéphane Louis à Strasbourg.","breadcrumb":{"@id":"https://www.fannywalz.com/fw/portfolio/affiche-concert-grand-march-all-the-pretty-horses-photo-stephane-louis/#breadcrumb"},"inLanguage":"fr-FR","potentialAction":[{"@type":"ReadAction","target":["https://www.fannywalz.com/fw/portfolio/affiche-concert-grand-march-all-the-pretty-horses-photo-stephane-louis/"]}]},{"@type":"ImageObject","inLanguage":"fr-FR","@id":"https://www.fannywalz.com/fw/portfolio/affiche-concert-grand-march-all-the-pretty-horses-photo-stephane-louis/#primaryimage","url":"https://i0.wp.com/www.fannywalz.com/fw/wp-content/uploads/2016/06/grand-march-all-the-pretty-horses_thumb.jpg?fit=315%2C315&ssl=1","contentUrl":"https://i0.wp.com/www.fannywalz.com/fw/wp-content/uploads/2016/06/grand-march-all-the-pretty-horses_thumb.jpg?fit=315%2C315&ssl=1","width":315,"height":315,"caption":"Affiche All the pretty horses Grand March"},{"@type":"BreadcrumbList","@id":"https://www.fannywalz.com/fw/portfolio/affiche-concert-grand-march-all-the-pretty-horses-photo-stephane-louis/#breadcrumb","itemListElement":[{"@type":"ListItem","position":1,"name":"Accueil","item":"http://www.fannywalz.com/fw/"},{"@type":"ListItem","position":2,"name":"Projects","item":"http://www.fannywalz.com/fw/portfolio/"},{"@type":"ListItem","position":3,"name":"All the pretty horses"}]},{"@type":"WebSite","@id":"http://www.fannywalz.com/fw/#website","url":"http://www.fannywalz.com/fw/","name":"Fanny Walz","description":"Graphisme et créations artisanales","potentialAction":[{"@type":"SearchAction","target":{"@type":"EntryPoint","urlTemplate":"http://www.fannywalz.com/fw/?s={search_term_string}"},"query-input":{"@type":"PropertyValueSpecification","valueRequired":true,"valueName":"search_term_string"}}],"inLanguage":"fr-FR"}]}</script>
<!-- / Yoast SEO plugin. -->

Création graphique de l'affiche annonçant le photo concert All the pretty horses de Grand March et Stéphane Louis à Strasbourg.

Graphisme et créations artisanales
